*h + 11 - 2. Let x(s) = -s**2 + 4*s + 1. Give x(h).
4
Let q(d) be the second derivative of -d**3/3 + 3*d**2 + 2*d. Let b = 40 + -29. Let o = -6 + b. Give q(o).
-4
Let h(j) = -2*j. Let i(x) = -19*x - 1. Let d be i(1). Let o be d/6*6/(-4). What is h(o)?
-10
Suppose 3*y = -8 + 2. Let j(c) = c**2 + c - 2. Let v be j(y). Let a(x) = -x**3 + x + 5. Let d be a(v). Let m(z) = z - 2. Calculate m(d).
3
Let y be (-4 - 12)*(-1)/2 - 4. Let r(v) = 3*v - 3. What is r(y)?
9
Suppose t - 4*n - 18 = 0, 3*t + 2*n + 1 = -1. Let k = 2 + t. Let b(a) = 6*a + 6 - a + a**3 - 2*a + k*a**2. Determine b(-4).
-6
Let x(n) = n**3 - n + 2. Let t = -61 + 58. Calculate x(t).
-22
Let h(w) be the third derivative of -w**4/6 + 3*w**2. Let r be h(-1). Suppose -3*s = -2*z + 11, 5*z - r = z. Let c(u) = -4*u - 4. Give c(s).
8
Let s = -11 - -13. Let l(j) = -8*j**2 + 6*j - 4. Let n(b) = -23*b**2 + 17*b - 11. Let g(c) = 17*l(c) - 6*n(c). Calculate g(s).
6
Let k(g) be the third derivative of -1/60*g**5 - g**2 - 1/8*g**4 + 1/3*g**3 + 0*g + 0. Determine k(-3).
2
Let o(d) be the second derivative of d**6/720 - d**5/60 - d**4/12 + 6*d. Let c(b) be the third derivative of o(b). Determine c(0).
-2
Let j(o) = 67 - 67 + 4*o**2 + 3*o - 5*o**2. Give j(6).
-18
Let k(y) = -5*y**3 + 4*y**2 + 10*y - 3. Let f(o) = -2*o**3 + o**2 + 3*o - 1. Let i(v) = -7*f(v) + 2*k(v). What is i(1)?
5
Let c(w) be the first derivative of 4*w**3/3 + w**2/2 - w - 1. Let j(d) = -d**2 + d - 1. Let z(p) = -c(p) - 5*j(p). Give z(5).
1
Let y be (4/(-3))/(2/(-6)). Suppose -g - y = g. Let o(x) = 3*x**2 + 2*x - 2. Determine o(g).
6
Let i(w) be the third derivative of w**7/1260 - 7*w**6/720 + w**5/20 - w**4/6 - 3*w**2. Let r(d) be the second derivative of i(d). What is r(4)?
10
Let z(d) = -10*d**2 + 14*d - 3. Let t(c) = 3*c**2 - 5*c + 1. Let y(q) = -8*t(q) - 3*z(q). Suppose 2*k = 4*p + 2 - 0, 3*k - 4*p = 3. Calculate y(k).
5
Suppose 3*w + 3 = -p, p = 3*w + 2*w - 3. Let u(b) = b**2 + 2*b - 2. Let k be u(p). Let j(o) = 9*o**2 + 0*o - o + o - 2*o + k. What is j(1)?
8
Let a(z) = -5*z + 1. Let q be a(2). Let x be (-2)/3*q/(-3). Let h(u) = 2*u - 5. Let o(c) = 2*c - 4. Let f(y) = 3*h(y) - 4*o(y). Calculate f(x).
5
Let w(l) = -l**2 - l + 4. Let r be w(0). Let y be (-2)/(r + -2) - 1. Let h(p) = -4*p - 3. What is h(y)?
5
Suppose 0 = 3*h - h. Let o = h + 14. Suppose 5*x - 5 = 5*n, 2*n = 2*x + 3*x - o. Let r(l) = -l**3 + 3*l**2 - l + 2. Give r(n).
-1
Let n(g) be the first derivative of g**2 + 0*g - 4 + 1/12*g**4 - 1/120*g**6 + 1/30*g**5 + 1/3*g**3. Let i(f) be the second derivative of n(f). Give i(3).
-1
Let f(v) = 0 - 4*v + 2*v - 4. Let b(w) = w**3 - 5*w**2 - 4*w - 6. Let a be b(6). Let y = a + -9. Calculate f(y).
2
Suppose -z = 14 - 11. Let k(d) = -2*d**2 - 4*d - 4. Determine k(z).
-10
Suppose 0 = 6*o - o. Let t(c) = 2 + o*c**2 + 4*c - 1 + c**2. Give t(-4).
1
Let i(z) be the third derivative of z**6/120 - z**4/12 + z**3/6 - 6*z**2 + 4. Let a = -2 + 6. Suppose j - 10 = -a*g, -2*j + 4*j - 4*g + 16 = 0. Calculate i(j).
-3
Let h = -4 - 0. Let k be 4 - 0/(h/2). Let a(j) = j**3 - 5*j**2 + 7*j - 5. Calculate a(k).
7
Let o(w) = w**2 - 7*w + 14. Let d be o(3). Let t(p) = -5*p + 1. Let j(c) = -c - 1. Let a(k) = -j(k) + t(k). What is a(d)?
-6
Let l(b) = b**2 - 6*b - 6. Let g = -3 - -6. Let h = 4 + g. Let q be l(h). Let o(m) = -4*m**2 + m. Give o(q).
-3
Let x = 18 + -12. Let u(k) be the third derivative of k**6/120 - k**5/10 - k**4/12 + 3*k**3/2 - 10*k**2. What is u(x)?
-3
Let i = 10 + -11. Suppose -2 = 2*q + f, -8*f = -3*q - 3*f + 23. Let y be 2 + -5 - q - i. Let v(t) = t**3 + 3*t**2 - t + 2. Give v(y).
5
Let i(f) = -3*f**3 + f**2 + f + 1. Let j = -7 - -6. Let v be i(j). Let z(t) = 2*t - t - v*t + t. Calculate z(-4).
8
Suppose 0 = -55*n + 58*n - 15. Let z(h) = -h**3 + 4*h**2 + 5*h. Give z(n).
0
Suppose -5*m + 13 = -2. Suppose 4 = m*d + d. Let h(t) = 9*t**3 + 3*t + 1. Let l(r) = r**3 + r + 1. Let s(w) = -h(w) + 2*l(w). Calculate s(d).
-7
Let l = 1 - 1. Let n(r) = 33 - 13 - r**3 - 24 + r**2. Give n(l).
-4
Let l = 27 + -29. Let y be (-4)/10 + 12/5. Let p(c) = 3 - 3*c + c - y. Determine p(l).
5
Let y(q) be the first derivative of -2 - 9/2*q**2 - q. Let n(j) = -j**3 + 3*j**2 - j + 2. Let o be n(3). Give y(o).
8
Let b(f) = 7*f - 1. Let u = 151 + -147. Determine b(u).
27
Let o(n) be the second derivative of -n + 0 - 3/2*n**2 - 2/3*n**3. Let h(k) = k + 3. Let z be h(-5). What is o(z)?
5
Let s(h) = h**3 + 3*h**2 - h + 2. Let u be -20*((-14)/(-4) + -3). Let y = u + 16. Let w be 4/y*72/(-16). Give s(w).
5
Let z(w) be the third derivative of w**5/60 - w**4/4 - 5*w**3/6 - 4*w**2. What is z(5)?
-10
Let f(u) = -2*u**2 + 1 - 2*u - 2*u + 7*u. Let w(r) = -7*r - 2*r**2 + 3 + 3*r**2 + 0*r**2. Let a be w(7). Determine f(a).
-8
Let d(n) = 5*n + 8. Let x(t) = 5*t + 7. Let v(b) = 6*d(b) - 7*x(b). Let u be 6/(-2)*8/24. Calculate v(u).
4
Let l(a) = -a**3 - 28*a**2 + 28*a - 25. Let y be l(-29). Let s(b) = 0*b**2 - 3 + 4*b + b - b**2. Give s(y).
1
Suppose -5*j + 21 = -14. Suppose 0 = -3*k - 1 + j. Let r(h) = 4 - 3*h**k + h**2 - 6*h + h**2. Calculate r(-5).
9
Let m(c) = 3*c - 6. Suppose -h = -2*x - 0*h + 4, -4*x = h - 20. Let f(w) = -3*w + 6. Let z(j) = x*f(j) + 3*m(j). Determine z(4).
-6
Let b(v) = -v**2 + 2*v + 4. Let y be 1 - (3 - (9 - 1)). Suppose 25 = 4*s - k, -y*s = -2*s + 2*k - 10. Determine b(s).
-11
Let k(p) = -p**3 + p + 2. Suppose 5*c - c = -c. Give k(c).
2
Let k(h) = -8*h**2 - h - 1. Let p(n) = 17*n**2 + 3*n + 2. Let f(l) = -5*k(l) - 2*p(l). Give f(1).
6
Let r(k) = k**2 + 2*k - 4. Let m(b) = -b**3 - 3*b**2 - 5*b + 11. Let z(a) = -9*a - 1. Let l be z(-1). Let v(n) = l*r(n) + 3*m(n). What is v(-1)?
2
Suppose 5*x + 4*r + 1 = 0, -6*r = -r + 20. Let j(p) be the first derivative of 0*p + 5/2*p**2 - 1/3*p**3 - x. Give j(4).
4
Let z(h) = 4*h**2 + h + 1. Let u(n) = -2 + n**2 + 1 - 10*n**2 - 3*n. Let f(x) = 3*u(x) + 7*z(x). What is f(3)?
7
Let j(i) = 17 - 6 - i - 24. Give j(0).
-13
Let v = -7 - -6. Let u(k) = 17*k. Determine u(v).
-17
Suppose 3*p = 5 + 1. Let f(l) = 2*l**3 - 2*l - 1203 - l**2 + 1203. Calculate f(p).
8
Suppose -4*a - a + 15 = 0. Let z(y) be the second derivative of 1/2*y**2 - 1/10*y**5 + 2*y + 0*y**4 + 0*y**a + 0. Give z(-1).
3
Let u(s) be the third derivative of 0 + 0*s - s**2 - 1/24*s**4 - 3/2*s**3. What is u(0)?
-9
Let q = -17 - -14. Let l be 1 + q + 4 + -3. Let z(i) = 2*i**2 + i. Give z(l).
1
Suppose -2*r - 2*h + 6*h - 8 = 0, 2*h + 4 = 3*r. Let k(p) = r + 0*p - 2*p + p + 2*p. Determine k(4).
8
Let j(z) = -2*z - 1. Let a = 9 + -2. Let k = 5 - a. What is j(k)?
3
Let y = 288 + -287. Let r(l) be the third derivative of -l**4/24 + l**3/6 - l**2. Give r(y).
0
Let a(x) be the first derivative of x**6/360 + 7*x**5/120 + x**4/4 + 2*x**3/3 - 6. Let l(s) be the third derivative of a(s). Calculate l(-5).
-4
Suppose -4*m + 1 = 2*n - 5, -m = n - 2. Let l(d) = -d**2 + d + 1. Let q(i) = 8*i**2 - 6*i - 5. Let f(c) = 5*l(c) + q(c). Determine f(n).
2
Let a(o) = 2*o + 2. Suppose 0 = -5*u + 4*k - 4 + 23, 5*k + 2 = -u. What is a(u)?
8
Suppose -2*o = 4*v + 2, -2*v + 2 = o + o. Let l be -2 + (-2 - -8) + 0. Suppose -2 = -o*k + l. Let x(a) = -a**2 - 1. Calculate x(k).
-5
Let o = -14 + 17. Suppose -o*f = 1 + 11. Let b(u) = u**2 + 4*u + 3. Calculate b(f).
3
Let p(n) = -n - 1. Let l(v) = v - 1. Let h(w) = l(w) - p(w). Determine h(1).
2
Suppose -2*a - a + 6 = 0. Let y(r) = -8 + 1 + r**2 - a*r + 5*r**2 + r**3. What is y(-6)?
5
Let d(t) be the second derivative of t**4/3 - t**2/2 - t. Determine d(1).
3
Suppose -2*q = -4 - 0. Let k(d) = 0*d**3 - 1 + 4*d**2 + 0*d**2 + 10*d**3 - 2*d**q. Give k(-1).
-9
Let r be (20/(-5) - -6) + 4. Let i(m) = m**2 - 7*m - 2. Determine i(r).
-8
Let y(x) = -x + 1. Let o(m) = -m + 2. Let v(p) = 6*o(p) - 5*y(p). Let i = 136 + -129. Give v(i).
0
Let d(l) = -3*l + 1. Let s(j) = -j**3 - 10*j**2 - 10*j - 7. Let y be s(-9). Suppose -y*w = w + 3. Give d(w).
4
Let j be -3 + (-19 - -3)/(-2). Let o(i) = -i - 3*i + 3*i - j + 2*i. Let a(q) = q - 5. Let d(f) = 7*a(f) - 6*o(f). Calculate d(5).
0
Suppose 0 = 3*z + 9, -a = -2*z + 8 - 20. Let n(x) = -9*x**2 + 0 + 10*x**2 - 6 - a*x + 4. Give n(6).
-2
Let m(y) = y**3 - 4*y**2 - 2*y + 4. Let q(t) = -t + 8. Let a be q(4). Determine m(a).
-4
Let q(s) = s + 4. Let g be q(0). Let b(k) = -8 + 16 - 13 + 2*k + 0*k. Let l(o) = 4*o - 9. Let